)?
-810
Let u(w) = -14*w**2 + 245*w + 2164. Calculate u(-9).
-1175
Let m(l) = -405*l**3 - 2*l**2 - 15*l + 33. What is m(2)?
-3245
Let g(b) = 10710*b - 407221. Give g(38).
-241
Let m(a) = -138*a - 24210. What is m(-176)?
78
Let c(g) = 3704*g - 62951. Give c(17).
17
Let z(d) = -d**2 - 1311*d + 56816. Determine z(42).
-10
Let c(q) = -9393*q + 2864868. Give c(305).
3
Let h(v) = -803*v - 301131. Give h(-375).
-6
Let o(t) = -58319*t + 9564325. Determine o(164).
9
Let b(k) = 2*k**2 + 37*k + 60. Determine b(-7).
-101
Let k(x) = 32585*x + 2280942. Determine k(-70).
-8
Let r(l) = -l**2 - 10855*l + 403023. Give r(37).
19
Let j(c) = -c**2 + 2329*c + 131056. What is j(-55)?
-64
Let o(h) = 511*h - 8978. Determine o(18).
220
Let a(p) = 12*p**3 + 2043*p**2 - 5711*p - 162. Determine a(-173).
184
Let j(r) = 352*r + 5610. Determine j(-19).
-1078
Let t(n) = -15051*n + 165574. Give t(11).
13
Let q(y) = 2*y**3 - 63*y**2 + 28*y + 21. Give q(31).
-72
Let p(a) = -99849*a - 698945. What is p(-7)?
-2
Let d(y) = 1772*y - 8213. Calculate d(7).
4191
Let m(g) = 73*g**2 + 16*g - 157. What is m(5)?
1748
Let x(n) = 6946*n + 770580. Determine x(-111).
-426
Let r(o) = -292*o**2 + 7601*o - 184. Determine r(26).
50
Let k(r) = 10417*r - 41649. Calculate k(4).
19
Let i(l) = l**3 - 49*l**2 - 256*l + 93. Calculate i(53).
-2239
Let x(l) = 120*l + 347. Determine x(-2).
107
Let v(a) = -123408*a**2 + 4072464*a + 13. Give v(33).
13
Let k(q) = 189*q**3 + 7*q**2 - 153*q + 312. Give k(2).
1546
Let y(b) = b**3 + 281*b**2 + 7071*b - 3291. Give y(-253).
-2
Let z(i) = -i**2 + 461*i - 12380. Give z(27).
-662
Let n(d) = 2*d**2 - 73*d - 5092. What is n(-35)?
-87
Let h(f) = -18*f**2 + 29583*f + 237827. Calculate h(-8).
11
Let f(d) = -2*d**2 + 7827*d - 2068239. Determine f(285).
6
Let g(i) = -i**2 - 2*i + 1818. Give g(30).
858
Let w(v) = -120*v**2 - 33827*v - 129821. Determine w(-278).
5
Let h(k) = k**3 - 34*k**2 - 32*k + 1542. Determine h(34).
454
Let k(l) = 129799*l - 1297973. What is k(10)?
17
Let t(c) = -c**2 - 1071*c + 228041. Give t(182).
-5
Let m(n) = -1212*n**2 - 13342*n - 2. What is m(-11)?
108
Let a(p) = p**2 - 144*p - 10064. What is a(-57)?
1393
Let y(z) = -z**3 - 73*z**2 + 127*z + 3081. Calculate y(-74).
-841
Let f(p) = -p**3 - 4570*p**2 + 13710*p - 2. Give f(3).
-29
Let c(t) = 2*t**2 - 267*t + 2711. Give c(10).
241
Let o(b) = 74*b + 3958. Calculate o(-61).
-556
Let y(j) = -j**3 - 116*j**2 - 57*j - 6801. Calculate y(-116).
-189
Let h(r) = r**2 - 1742*r + 73137. What is h(43)?
80
Let z(d) = -d**3 - 39*d**2 + 140*d - 436. Determine z(-42).
-1024
Let y(k) = 8*k**2 - 355*k - 2822. Give y(-8).
530
Let i(o) = -11145*o - 6186. Determine i(-1).
4959
Let k(d) = 42*d**2 - 68*d - 1100. Determine k(6).
4
Let u(m) = 235*m**2 - 14*m - 1. Calculate u(1).
220
Let h(i) = 5166*i - 499960. What is h(97)?
1142
Let h(m) = -m**3 - 172*m**2 - 5*m + 2223. Calculate h(0).
2223
Let p(w) = 89*w + 12701. Calculate p(-141).
152
Let b(v) = -3*v**3 + 38*v**2 + 53*v - 56. Give b(13).
464
Let r(o) = o**3 + 16*o**2 + 85*o + 1890. What is r(-17)?
156
Let y(s) = 1054*s + 2823. Give y(-2).
715
Let l(y) = -238738*y - 1. Calculate l(0).
-1
Let y(n) = n**2 - 8159*n - 2511389. Calculate y(-297).
43
Let w(b) = 228*b + 1209. What is w(-7)?
-387
Let y(g) = -2*g**3 + 450*g**2 - 2203*g + 182. What is y(220)?
-478
Let l(r) = 9*r**2 - 1706*r + 179. Calculate l(0).
179
Let t(l) = -755*l**2 + 277842*l - 729. Determine t(368).
7
Let h(o) = -o**2 + 73*o + 2453. Give h(-30).
-637
Let l(b) = 78*b**3 - 8*b**2 + 75*b - 126. Determine l(2).
616
Let z(x) = x**3 - 59*x**2 + 253*x - 4761. Give z(56).
-1
Let w(f) = 1076*f + 63405. Determine w(-59).
-79
Let p(j) = -10*j**3 + 13*j**2 - 11. Determine p(-3).
376
Let u(v) = v**2 + 2163*v + 1066915. Calculate u(-761).
-7
Let p(i) = i**2 - 89*i - 3200. Determine p(-28).
76
Let n(j) = j**3 + 105*j**2 + 871*j + 712. What is n(-96)?
40
Let i(g) = -160*g**2 + 2807*g - 2806. Determine i(1).
-159
Let d(a) = -2*a**3 - 52*a**2 - 51*a - 77. Calculate d(-25).
-52
Let x(o) = -2*o**3 + 85*o**2 - 33*o - 472. Give x(42).
-94
Let a(s) = -410*s**2 - 7383*s - 17. Determine a(-18).
37
Let w(d) = -25*d**2 + 66*d + 317. What is w(-6)?
-979
Let d(j) = -4338*j + 21938. Give d(4).
4586
Let r(f) = 140*f**2 + 9377*f - 213. Determine r(-67).
-12
Let g(s) = -65*s**2 + 5532*s - 157. What is g(85)?
438
Let c(x) = 7*x**3 - 28*x**2 - 84*x - 6. Calculate c(7).
435
Let o(s) = -2*s**3 + 15*s**2 + 3709*s - 37098. Give o(10).
-508
Let a(w) = -1064*w + 7701. What is a(6)?
1317
Let k(v) = -4772*v - 147961. Determine k(-31).
-29
Let q(w) = 15935*w - 2119166. Calculate q(133).
189
Let r(l) = 208*l**2 - 8186*l - 5361. Determine r(40).
-1
Let i(c) = 1333*c - 42223. What is i(32)?
433
Let w(y) = 201*y + 41651. Calculate w(-207).
44
Let k(v) = 7*v**2 + 490*v + 136. What is k(-69)?
-347
Let p(t) = 32839*t + 14317810. Calculate p(-436).
6
Let d(l) = l**3 + 18*l**2 - 67*l - 1715. Determine d(-13).
1
Let v(j) = 26*j**3 - 367*j**2 - 1103*j + 1. Determine v(-3).
-695
Let p(a) = a**3 - 31*a**2 + 159*a + 2874. Determine p(-7).
-101
Let f(y) = 8303*y + 913326. Determine f(-110).
-4
Let q(c) = 2*c**2 + 268*c + 5705. Give q(-107).
-73
Let s(p) = -3*p**2 + 437*p - 3888. Calculate s(9).
-198
Let h(t) = -158*t + 4585. Determine h(32).
-471
Let w(v) = -5*v**3 - 13*v**2 - 29*v + 149. What is w(2)?
-1
Let p(u) = 31*u**2 - 61294*u - 307243. Give p(-5).
2
Let m(g) = -3*g**3 - 193*g**2 + 43645*g - 161. Determine m(-157).
-4
Let b(f) = f**3 + 35*f**2 - 67*f + 402. Calculate b(-38).
-1384
Let i(j) = j**3 + 90*j**2 + 128*j - 4242. Determine i(-88).
-18
Let h(n) = -n**3 - 18*n**2 + 41*n + 13. Calculate h(3).
-53
Let n(r) = -r**3 - 14*r**2 + 1049*r + 1694. Determine n(-40).
1334
Let k(h) = -7*h**2 + 17*h + 528. Give k(-16).
-1536
Let m(g) = 3*g**3 + 37*g**2 - 14*g + 139. Calculate m(-11).
777
Let t(b) = b**2 - 1001*b + 32880. Calculate t(34).
2
Let j(w) = -1161*w + 420273. Calculate j(362).
-9
Let k(z) = -z**3 - 38*z**2 - 346*z - 15043. Determine k(-39).
-28
Let l(r) = 79*r + 4529. Determine l(-69).
-922
Let l(q) = -1481*q - 1462. What is l(-1)?
19
Let t(v) = 3504*v - 45541. Calculate t(13).
11
Let w(t) = 10361*t - 31007. Give w(3).
76
Let o(h) = 7*h**2 + 313*h + 688. Give o(-42).
-110
Let v(d) = 25*d**2 + 249*d - 1496. Determine v(4).
-100
Let l(k) = -k**2 + 42*k + 337096. What is l(-560)?
-24
Let d(w) = -2*w**3 - 657*w + 659. Determine d(1).
0
Let m(k) = -2*k**3 - 135*k**2 + 1613*k - 3241. Give m(8).
-1
Let z(c) = 7*c**2 - 1647*c + 41784. Determine z(29).
-92
Let a(j) = -4843*j + 67746. What is a(14)?
-56
Let y(j) = -4*j**3 - 223*j**2 + 62*j + 420. Determine y(-56).
84
Let r(l) = -160*l**2 + 8956*l + 82. Calculate r(56).
-142
Let s(p) = p**2 + 38*p - 9230. Calculate s(-117).
13
Let a(k) = -4*k**3 - 28*k**2 - 250*k - 1908. What is a(-8)?
348
Let i(c) = -58*c**2 + 385*c + 665. Give i(7).
518
Let u(z) = -z**3 - 214*z**2 - 10165*z - 1950. Determine u(-143).
-234
Let l(a) = a**2 - 84*a - 370. Give l(88).
-18
Let v(j) = -5*j**3 + 76*j**2 + 57*j + 1635. Calculate v(17).
3
Let d(g) = 4770*g + 38220. Give d(-8).
60
Let c(u) = 98369*u + 1180430. What is c(-12)?
2
Let b(h) = -20036*h + 380699. Give b(19).
15
Let o(r) = -322*r**2 + 18983*r + 1061. Determine o(59).
176
Let z(l) = 2025*l - 116989. Give z(57).
-1564
Let u(j) = 13*j + 619. Calculate u(48).
1243
Let i(h) = 19*h**3 - 2*h**2 + 37*h + 6. Calculate i(-3).
-636
Let h(l) = -1983*l**2 + 9923*l - 11. What is h(5)?
29
Let m(j) = j**3 - 371*j**2 - 1121*j - 283. What is m(374)?
91
Let v(n) = 13*n**2 + 2*n - 186. Calculate v(-9).
849
Let d(g) = -20072*g + 762722. Give d(38).
-14
Let q(v) = -v**3 + 23*v**2 + 11*v - 541. Give q(20).
879
Let x(l) = -2*l**2 + 2631*l - 584427. Calculate x(283).
-32
Let g(k) = 578*k - 7526. Give g(13).
-12
Let j(a) = 380*a + 4867. What is j(-11)?
687
Let w(p) = 13322*p - 186516. Determine w(14).
-8
Let a(f) = -2*f**2 - 58*f - 316. Calculate a(-20).
44
Let q(s) = 3*s**2 - 1760*s - 24857. Determine q(-14).
371
Let g(o) = -5*o**3 - 2597*o**2 + 1563*o + 1685. Determine g(-520).
125
Let s(v) = -2*v**3 - 31*v**2 + 1653*v + 28142. Determine s(-18).
8
Let k(t) = -123*t**2 + 3751*t + 32. Determine k(30).
1862
Let d(r) = 215*r**2 + 28809*r - 139. Give d(-134).
-5
Let b(o) = -o**3 + 69*o**2 - 822*o + 1666. What 